[INFO] cloning repository https://github.com/MaringaGameDev/gincana2018
[INFO] running `Command { std: "git" "-c" "credential.helper=" "-c" "credential.helper=/workspace/cargo-home/bin/git-credential-null" "clone" "--bare" "https://github.com/MaringaGameDev/gincana2018" "/workspace/cache/git-repos/https%3A%2F%2Fgithub.com%2FMaringaGameDev%2Fgincana2018", kill_on_drop: false }`
[INFO] [stderr] Cloning into bare repository '/workspace/cache/git-repos/https%3A%2F%2Fgithub.com%2FMaringaGameDev%2Fgincana2018'...
[INFO] running `Command { std: "git" "rev-parse" "HEAD", kill_on_drop: false }`
[INFO] [stdout] ed1e0716d77cefa62cd2e61a05b540f7642e0644
[INFO] building MaringaGameDev/gincana2018 against master#881c1ac408d93bb7adaa3a51dabab9266e82eee8 for issue-85264
[INFO] running `Command { std: "git" "clone" "/workspace/cache/git-repos/https%3A%2F%2Fgithub.com%2FMaringaGameDev%2Fgincana2018" "/workspace/builds/worker-1/source", kill_on_drop: false }`
[INFO] [stderr] Cloning into '/workspace/builds/worker-1/source'...
[INFO] [stderr] done.
[INFO] validating manifest of git repo https://github.com/MaringaGameDev/gincana2018 on toolchain 881c1ac408d93bb7adaa3a51dabab9266e82eee8
[INFO] running `Command { std: "/workspace/cargo-home/bin/cargo" "+881c1ac408d93bb7adaa3a51dabab9266e82eee8" "metadata" "--manifest-path" "Cargo.toml" "--no-deps", kill_on_drop: false }`
[INFO] started tweaking git repo https://github.com/MaringaGameDev/gincana2018
[INFO] finished tweaking git repo https://github.com/MaringaGameDev/gincana2018
[INFO] tweaked toml for git repo https://github.com/MaringaGameDev/gincana2018 written to /workspace/builds/worker-1/source/Cargo.toml
[INFO] crate git repo https://github.com/MaringaGameDev/gincana2018 already has a lockfile, it will not be regenerated
[INFO] running `Command { std: "/workspace/cargo-home/bin/cargo" "+881c1ac408d93bb7adaa3a51dabab9266e82eee8" "fetch" "--manifest-path" "Cargo.toml", kill_on_drop: false }`
[INFO] [stderr]  Downloading crates ...
[INFO] [stderr]   Downloaded unidecode v0.2.0
[INFO] [stderr]   Downloaded serde_json v1.0.10
[INFO] [stderr]   Downloaded cc v1.0.5
[INFO] [stderr]   Downloaded pest v0.4.1
[INFO] [stderr]   Downloaded serde_derive_internals v0.20.0
[INFO] [stderr]   Downloaded tera v0.10.10
[INFO] [stderr]   Downloaded regex-syntax v0.5.0
[INFO] [stderr]   Downloaded slug v0.1.2
[INFO] [stderr]   Downloaded regex v0.2.7
[INFO] [stderr]   Downloaded syn v0.12.13
[INFO] [stderr]   Downloaded bcrypt v0.1.5
[INFO] [stderr]   Downloaded serde_derive v1.0.28
[INFO] [stderr]   Downloaded serde v1.0.28
[INFO] running `Command { std: "docker" "create" "-v" "/var/lib/crater-agent-workspace/builds/worker-1/target:/opt/rustwide/target:rw,Z" "-v" "/var/lib/crater-agent-workspace/builds/worker-1/source:/opt/rustwide/workdir:ro,Z" "-v" "/var/lib/crater-agent-workspace/cargo-home:/opt/rustwide/cargo-home:ro,Z" "-v" "/var/lib/crater-agent-workspace/rustup-home:/opt/rustwide/rustup-home:ro,Z" "-e" "SOURCE_DIR=/opt/rustwide/workdir" "-e" "CARGO_TARGET_DIR=/opt/rustwide/target" "-e" "CARGO_HOME=/opt/rustwide/cargo-home" "-e" "RUSTUP_HOME=/opt/rustwide/rustup-home" "-w" "/opt/rustwide/workdir" "-m" "1610612736" "--user" "0:0" "--network" "none" "ghcr.io/rust-lang/crates-build-env/linux@sha256:20528e8c29e4536546f0102ce88568b16ea7538393a33fcca951030f7af10457" "/opt/rustwide/cargo-home/bin/cargo" "+881c1ac408d93bb7adaa3a51dabab9266e82eee8" "metadata" "--no-deps" "--format-version=1", kill_on_drop: false }`
[INFO] [stdout] 1c3a4a201ddd9a7b8c74c7eb52b5c6f4baafa3ed8c55e95d786b0dd47a62665f
[INFO] [stderr] WARNING: Your kernel does not support swap limit capabilities or the cgroup is not mounted. Memory limited without swap.
[INFO] running `Command { std: "docker" "start" "-a" "1c3a4a201ddd9a7b8c74c7eb52b5c6f4baafa3ed8c55e95d786b0dd47a62665f", kill_on_drop: false }`
[INFO] running `Command { std: "docker" "inspect" "1c3a4a201ddd9a7b8c74c7eb52b5c6f4baafa3ed8c55e95d786b0dd47a62665f", kill_on_drop: false }`
[INFO] running `Command { std: "docker" "rm" "-f" "1c3a4a201ddd9a7b8c74c7eb52b5c6f4baafa3ed8c55e95d786b0dd47a62665f", kill_on_drop: false }`
[INFO] [stdout] 1c3a4a201ddd9a7b8c74c7eb52b5c6f4baafa3ed8c55e95d786b0dd47a62665f
[INFO] running `Command { std: "docker" "create" "-v" "/var/lib/crater-agent-workspace/builds/worker-1/target:/opt/rustwide/target:rw,Z" "-v" "/var/lib/crater-agent-workspace/builds/worker-1/source:/opt/rustwide/workdir:ro,Z" "-v" "/var/lib/crater-agent-workspace/cargo-home:/opt/rustwide/cargo-home:ro,Z" "-v" "/var/lib/crater-agent-workspace/rustup-home:/opt/rustwide/rustup-home:ro,Z" "-e" "SOURCE_DIR=/opt/rustwide/workdir" "-e" "CARGO_TARGET_DIR=/opt/rustwide/target" "-e" "CARGO_INCREMENTAL=0" "-e" "RUST_BACKTRACE=full" "-e" "RUSTFLAGS=--cap-lints=forbid" "-e" "CARGO_HOME=/opt/rustwide/cargo-home" "-e" "RUSTUP_HOME=/opt/rustwide/rustup-home" "-w" "/opt/rustwide/workdir" "-m" "1610612736" "--user" "0:0" "--network" "none" "ghcr.io/rust-lang/crates-build-env/linux@sha256:20528e8c29e4536546f0102ce88568b16ea7538393a33fcca951030f7af10457" "/opt/rustwide/cargo-home/bin/cargo" "+881c1ac408d93bb7adaa3a51dabab9266e82eee8" "build" "--frozen" "--message-format=json", kill_on_drop: false }`
[INFO] [stdout] 86914f9bde6420de5f2cea325279514461a9b5b7ec9c86dcf7bff4c0558d1127
[INFO] [stderr] WARNING: Your kernel does not support swap limit capabilities or the cgroup is not mounted. Memory limited without swap.
[INFO] running `Command { std: "docker" "start" "-a" "86914f9bde6420de5f2cea325279514461a9b5b7ec9c86dcf7bff4c0558d1127", kill_on_drop: false }`
[INFO] [stderr]    Compiling nodrop v0.1.12
[INFO] [stderr]    Compiling lazy_static v0.2.11
[INFO] [stderr]    Compiling yansi v0.3.4
[INFO] [stderr]    Compiling cc v1.0.5
[INFO] [stderr]    Compiling serde v1.0.28
[INFO] [stderr]    Compiling untrusted v0.5.1
[INFO] [stderr]    Compiling typeable v0.1.2
[INFO] [stderr]    Compiling state v0.3.3
[INFO] [stderr]    Compiling ordermap v0.2.13
[INFO] [stderr]    Compiling pest v0.4.1
[INFO] [stderr]    Compiling glob v0.2.11
[INFO] [stderr]    Compiling rand v0.4.2
[INFO] [stderr]    Compiling num_cpus v1.8.0
[INFO] [stderr]    Compiling isatty v0.1.6
[INFO] [stderr]    Compiling memchr v1.0.2
[INFO] [stderr]    Compiling crossbeam-utils v0.2.2
[INFO] [stderr]    Compiling rayon-core v1.4.0
[INFO] [stdout] error[E0658]: trait bounds other than `Sized` on const fn parameters are unstable
[INFO] [stdout]   --> /opt/rustwide/cargo-home/registry/src/github.com-1ecc6299db9ec823/state-0.3.3/src/container.rs:97:18
[INFO] [stdout]    |
[INFO] [stdout] 97 |             map: UnsafeCell::new(0 as *mut _),
[INFO] [stdout]    |                  ^^^^^^^^^^^^^^^^^^^^^^^^^^^^
[INFO] [stdout]    |
[INFO] [stdout]    = note: see issue #57563 <https://github.com/rust-lang/rust/issues/57563> for more information
[INFO] [stdout]    = help: add `#![feature(const_fn_trait_bound)]` to the crate attributes to enable
[INFO] [stdout] 
[INFO] [stdout] 
[INFO] [stdout] error[E0658]: trait bounds other than `Sized` on const fn parameters are unstable
[INFO] [stdout]   --> /opt/rustwide/cargo-home/registry/src/github.com-1ecc6299db9ec823/state-0.3.3/src/container.rs:97:34
[INFO] [stdout]    |
[INFO] [stdout] 97 |             map: UnsafeCell::new(0 as *mut _),
[INFO] [stdout]    |                                  ^^^^^^^^^^^
[INFO] [stdout]    |
[INFO] [stdout]    = note: see issue #57563 <https://github.com/rust-lang/rust/issues/57563> for more information
[INFO] [stdout]    = help: add `#![feature(const_fn_trait_bound)]` to the crate attributes to enable
[INFO] [stdout] 
[INFO] [stdout] 
[INFO] [stdout] error[E0658]: trait bounds other than `Sized` on const fn parameters are unstable
[INFO] [stdout]   --> /opt/rustwide/cargo-home/registry/src/github.com-1ecc6299db9ec823/state-0.3.3/src/storage.rs:58:6
[INFO] [stdout]    |
[INFO] [stdout] 58 | impl<T: Send + Sync + 'static> Storage<T> {
[INFO] [stdout]    |      ^
[INFO] [stdout]    |
[INFO] [stdout]    = note: see issue #57563 <https://github.com/rust-lang/rust/issues/57563> for more information
[INFO] [stdout]    = help: add `#![feature(const_fn_trait_bound)]` to the crate attributes to enable
[INFO] [stdout] 
[INFO] [stdout] 
[INFO] [stderr]    Compiling unicase v1.4.2
[INFO] [stdout] error: aborting due to 3 previous errors
[INFO] [stdout] 
[INFO] [stdout] 
[INFO] [stdout] For more information about this error, try `rustc --explain E0658`.
[INFO] [stdout] 
[INFO] [stderr] error: could not compile `state`
[INFO] [stderr] 
[INFO] [stderr] To learn more, run the command again with --verbose.
[INFO] [stderr] warning: build failed, waiting for other jobs to finish...
[INFO] [stdout] error[E0635]: unknown feature `const_atomic_bool_new`
[INFO] [stdout]  --> /opt/rustwide/cargo-home/registry/src/github.com-1ecc6299db9ec823/yansi-0.3.4/src/lib.rs:1:40
[INFO] [stdout]   |
[INFO] [stdout] 1 | #![cfg_attr(feature="nightly", feature(const_atomic_bool_new))]
[INFO] [stdout]   |                                        ^^^^^^^^^^^^^^^^^^^^^
[INFO] [stdout] 
[INFO] [stdout] 
[INFO] [stdout] error: aborting due to previous error
[INFO] [stdout] 
[INFO] [stdout] 
[INFO] [stdout] For more information about this error, try `rustc --explain E0635`.
[INFO] [stdout] 
[INFO] [stderr] error: build failed
[INFO] running `Command { std: "docker" "inspect" "86914f9bde6420de5f2cea325279514461a9b5b7ec9c86dcf7bff4c0558d1127", kill_on_drop: false }`
[INFO] running `Command { std: "docker" "rm" "-f" "86914f9bde6420de5f2cea325279514461a9b5b7ec9c86dcf7bff4c0558d1127", kill_on_drop: false }`
[INFO] [stdout] 86914f9bde6420de5f2cea325279514461a9b5b7ec9c86dcf7bff4c0558d1127
